 5*z(q). Give p(c).
6
Suppose -3*m - 21 = -3*i, i + 2*i + 3*m - 27 = 0. Let c(v) be the second derivative of v**3/6 + 2*v**2 + 10*v + 21. Give c(i).
12
Let b(z) = -20*z - 7. Let y(s) = 11*s + 4. Let f(d) = -d**3 + 8*d**2 - d + 2. Let l be f(8). Let n(j) = l*b(j) - 11*y(j). What is n(-4)?
2
Let x(z) be the first derivative of -z**5/120 - z**4/8 + 2*z**3/3 + 1. Let f(d) be the third derivative of x(d). Let a be -2 - 9*(-65)/(-117). Determine f(a).
4
Let d = -175 - -192. Let l(q) = 13*q + q**2 - 24*q + d*q + 5. What is l(-3)?
-4
Let u(c) = 4*c + 2. Let t(j) = 109*j + 1304. Let b be t(-12). Determine u(b).
-14
Suppose 3*k - 5*k = 20. Let t be (-2)/k + (-31)/5. Let u(j) = 3*j**2 + 10*j - 11. Let v(g) = 8*g**2 + 26*g - 32. Let m(i) = -11*u(i) + 4*v(i). Give m(t).
-7
Suppose 15*d - 196 - 269 = 0. Let f(u) be the first derivative of 5/2*u**2 + 2*u - d. Give f(-2).
-8
Let c(y) be the third derivative of y**6/120 - y**5/20 - y**4/8 + y**3/3 - y**2. Let u = 30 - 25. Suppose 5*s - 9 = 2*r, -12 + 6 = -u*r + 3*s. Give c(r).
-7
Suppose -14*d + 39*d - 1150 = 0. Let z = d - 54. Let b(x) = x**2 + 8*x + 8. Determine b(z).
8
Let y(p) be the first derivative of -p**3/3 + 2*p**2 - p - 19. Suppose -13*h + 17*h = 68. Suppose -c = 4*m - h, 0*c - 4*c + m = -17. What is y(c)?
-6
Let b(d) be the third derivative of d**5/60 + 8*d**4/3 + 176*d**3/3 + 204*d**2 - 5. Calculate b(-6).
4
Let a(t) = 2*t**3 + t**2 + 2*t - 7. Let x(c) = -c**3 + 3*c**2 - 6*c - 3. Let k(d) = -a(d) - x(d). What is k(-4)?
-6
Let g(v) be the first derivative of -v**3/3 + 11*v**2 + 3*v + 723. Determine g(22).
3
Let m(q) be the third derivative of q**4/8 + 17*q**3/6 - 1550*q**2. Determine m(-10).
-13
Let k(a) = a**2 - 15*a + 68. Let i be k(11). Let d(c) = i*c**3 - 23*c**3 + 3 - 9*c - 7*c - 5*c**2. Calculate d(7).
-11
Let r(m) be the second derivative of m**3/6 + m. Let w(z) = -2 + 0 - 8 - 2 - z. Let g be w(-9). Calculate r(g).
-3
Let o(t) = 4*t - 58*t**2 + 45*t + 6*t - 4 + 57*t**2 - 53*t. Let g(u) = u**3 + 5*u**2 - 6*u. Let b be g(-6). Calculate o(b).
-4
Let w(h) = -24*h - 82. Let g(t) = t + 22. Let x(n) = -4*g(n) - w(n). Determine x(3).
54
Let t(x) be the second derivative of 31*x**5/20 + x**3/3 - x**2/2 - 1298*x. Calculate t(1).
32
Suppose 3*f + 5*o = 12, 0 = -o + 4*o + 9. Suppose 0 = j - f*j + 72. Let v(i) = 0*i - j + i**2 + 7*i + i. Calculate v(-8).
-9
Let z(k) be the second derivative of k**5/10 + k**4/4 - k**3/6 - k**2 + 3*k. Let p(d) = 6*d + 26. Let b be p(-4). Let h be (b/4)/((-3)/(-12) - 0). What is z(h)?
24
Let k(b) be the third derivative of -b**4/24 + b**3/6 - 8*b**2 + 36. Suppose 4*z - 44 = -0*z. Let x = z - 15. Calculate k(x).
5
Let q(p) = 3*p. Let g = 719 - 466. Let h = g - 247. What is q(h)?
18
Let g(b) = -b**3 - 10*b**2 + 11. Suppose 0 = -16*f + 17*f - 4*q - 10, 4*f - 5*q + 15 = 0. Calculate g(f).
11
Suppose 5*o - 5*l + 5 = 0, 4*o - 58*l + 52 = -62*l. Let y(r) = r**3 + 8*r**2 + 12*r - 2. Determine y(o).
-37
Let y = 72 + -30. Let m = 36 - y. Let i(n) = 3 - n - n**2 + 0*n + 4 - 6*n. Determine i(m).
13
Suppose 3*z = -c - 9, -c - 2*z + 19 = -6*z. Suppose 4*b - 89 = -3*j + 2*j, -2*b = c*j - 227. Let i = j + -69. Let g(s) = -3*s. Calculate g(i).
-12
Let i(g) = 6*g**2 + 7*g + 1. Let t be i(-1). Suppose -3*d = 5*n - 0*n - 4, t = 5*d + n - 14. Let q(p) = p**3 - 4*p**2 + 2*p - 4. What is q(d)?
-7
Let l(y) = -1. Let h = 244 - 247. Let r(c) = 4*c + 8. Let m(f) = -f - 1. Let k(b) = -2*m(b) - r(b). Let j(g) = h*l(g) + k(g). What is j(-2)?
1
Suppose 21 = z + 5*h, -129*z = -131*z - 2*h + 2. Let y(f) = 12*f + 50. Give y(z).
2
Let x(t) = t**3 + 9*t**2 + t - 5. Suppose 46*s + 0*s = -414. Calculate x(s).
-14
Let b(q) be the first derivative of -5*q**2/2 + 3*q - 1409. Give b(-5).
28
Let h be (-18)/4*2 - -4*(-30)/(-4). Let o(i) = i**2 - 23*i + 31. Give o(h).
-11
Let a = -266 + 270. Suppose 0*d = a*d - 3*r - 29, 15 = -5*r. Let y(p) = 3*p - 11. What is y(d)?
4
Let f(q) be the first derivative of 2*q**3/3 + 7*q**2 + 5*q + 30. Let a(s) = s**2 + 6*s + 2. Let y(d) = 9*a(d) - 4*f(d). Give y(5).
13
Let b(j) be the second derivative of -j**5/10 - 3*j**4/4 + 3*j**3/2 + j**2/2 - 2280*j. Determine b(-5).
-19
Suppose 8*x + x = 3*x. Suppose -5*c + 5 = 0, 4*n - 84*c + 80*c - 8 = x. Let o(j) = -j**2 + 3*j + 2. Calculate o(n).
2
Let j(r) = r**3 - 5*r**2 - 15*r + 3. Let k = -674 + 667. Let w be 7*2*(k + 15/2). Calculate j(w).
-4
Let g(r) = -r**3 - 15*r**2 - 32*r + 1. Let x(y) = 2*y**3 + 45*y**2 - 72*y - 13. Let k be x(-24). Calculate g(k).
79
Let n(o) = -1738*o**2 - o**3 - 4 + 14 + 1724*o**2 + 16*o. What is n(-15)?
-5
Let m = 2182 - 2184. Let l(h) = -19*h - 34. What is l(m)?
4
Let u(x) = 14*x**2 - 5*x**2 + 3*x - 5*x**2 - x**3. Let m be ((-12)/72)/(-1)*36. Determine u(m).
-54
Let f(l) = -7*l - 2. Let v(u) = -u**3 - 30*u**2 + 28*u - 86. Let i be v(-31). Suppose 3*w = 11*t - 13*t - i, -2*w - t - 6 = 0. Determine f(w).
33
Let d(z) = 5*z - 7*z**2 - 450 + 152 + z**3 + 149 + 153. Suppose 6 = 2*v, 8*q = 3*q + 3*v + 6. Suppose -3*n - 15 = -q*i, i + 2*i - 16 = 2*n. What is d(i)?
-2
Let p(d) = 5*d**3 + 49*d**2 - 12*d - 29. Suppose -4*q + 2*r = 11 + 13, 3*q - r + 22 = 0. Give p(q).
-9
Let a(i) = -11*i**3 - 40*i**2 - 87*i - 261. Let n(s) = 3*s**3 + 11*s**2 + 22*s + 65. Let r(q) = 4*a(q) + 15*n(q). What is r(-6)?
3
Let o be 0 + 3 - 3/(-9)*-3. Let b(g) = -2 + o*g + 4*g - g - 2*g. Give b(5).
13
Let i(c) be the first derivative of c**4/4 + 3*c**3 - 6*c**2 - 12*c - 1490. Calculate i(-10).
8
Let w(p) be the second derivative of 7*p - 1/2*p**3 - 3/2*p**2 + 1. Give w(-3).
6
Let w(p) = p**3 + p - 1. Let j(f) = 5*f**3 - f**2 + 3*f + 7. Let b be 7/3 + (-12)/9. Let i(l) = b*j(l) - 4*w(l). Give i(0).
11
Suppose -q + 38 = -2*h - 5*q, 5*h + 3*q = -60. Let c(r) be the third derivative of r**4/24 - r**3/6 - 7*r**2 + 49*r - 5. What is c(h)?
-10
Let u(s) be the third derivative of -s**7/2520 - s**6/120 + s**5/120 - 5*s**4/24 - 27*s**2. Let d(y) be the second derivative of u(y). Give d(-6).
1
Let s(g) = -g**2 + 4*g**2 - 6 + 3 + 8*g - 2*g**2. Suppose -4*q - 2*k - 23 = -5*k, 0 = k + 3. Determine s(q).
-3
Let d be (1/7)/(-8 - 612/(-63)). Let j(a) be the second derivative of -1/3*a**3 + 0*a**2 + 1/20*a**5 + a + 0 + d*a**4. What is j(2)?
8
Suppose -36 = 294*j - 291*j. Let n be j/(-2) - 0/9. Let r(o) = -3*o - 1. Determine r(n).
-19
Suppose 3*x + 4*h = 1938, 4*h = -3*x - 2*x + 3238. Let z = -645 + x. Let c(v) = -v**2 + 9*v - 21. Determine c(z).
-1
Let p(x) = -x**2 - 15*x + 38. Suppose 4*g + 58*k = 54*k - 64, 5*g + 104 = 3*k. What is p(g)?
-38
Let b(v) = -v + 2. Let k(q) = 7*q - 6. Let h(s) = -6*b(s) - k(s). Let u be 968/(-56) - 4/(-14). Let t = u + 11. What is h(t)?
0
Let b(s) = s**2 + 2*s + 3. Let c be b(-3). Let v(h) = 9*h**3 - 21*h**2 + 20*h + 1. Let l(j) = -11*j**3 + 25*j**2 - 25*j. Let t(o) = -4*l(o) - 5*v(o). Give t(c).
-41
Let u(f) be the third derivative of f**6/120 + 23*f**5/60 + 7*f**4/8 - 13*f**3/6 + 762*f**2. Determine u(-22).
9
Suppose 0 = -v + 3*k - 5*k + 18, 5*k - 25 = 0. Let o be (-2)/(-2) - 10 - (v - 12). Let f(a) = 11*a - a**2 - 6 + 7*a - 21*a. Give f(o).
-16
Let d(w) be the third derivative of w**5/60 + 11*w**4/24 + 2*w**3 + w**2. Let u(b) = -4585*b + 298016. Let k be u(65). What is d(k)?
-6
Let o(h) = -2*h**2 - 23*h + 16. Let k be o(-12). Let f be 5 + (2*-6)/k. Suppose 5*n + 3*c = 3 + 14, 10 = 2*n - f*c. Let z(a) = -a**2 + 3*a + 5. What is z(n)?
1
Suppose 30 = -5*b - 4*t + 6*t, 5*b = -4*t - 60. Let p = -101 + 104. Let h(c) = 0 + c**p - 6*c + 6 - 600*c**2 + 16*c + 609*c**2. Give h(b).
-10
Let x(u) = -3*u + 3. Let l be -18*(-2)/(-15)*5. Let o be (-1)/5 + (-980)/100. Let q = o - l. Calculate x(q).
-3
Let f(j) = 3*j**2 - 5*j - 2. Let g(n) = 7*n + 54. Let k be g(-8). Let u(c) = -9*c - 5 - 1 + 1 + 7*c**2. Let a(v) = k*u(v) + 5*f(v). What is a(4)?
-12
Let i(y) be the third derivative of 103*y**2 + 1/8*y**4 + 0 + 1/60*y**6 - 1/12*y**5 + 0*y + 2/3*y**3. Give i(3).
22
Suppose -6 + 22 = 2*m. Let l(p) = p**2 - 10*p + 26. Let b be l(m). Suppose -b*o = -4*o - 54. Let i(c) = c**3 - 8*c**2 - 9*c. What is i(o)?
0
Let f(q) = 17*q - 188. Let o(x) = -25*x + 286. Let v(z) = 8*f(z) + 5*o(z). Determine v(6).
-8
Let o be (-9)/(-6) + (-445)/(-890). Let w(p) be the second derivative of p**5/20 - p**4/12 - p**3/6 + p**2/2 + p. Give w(o).
3
Let k(v) = -126*v - 190. Let